254130289?
1
What is the hundred thousands digit of 46264064?
2
What is the hundred thousands digit of 489468947?
4
What is the hundreds digit of 111949409?
4
What is the thousands digit of 429876138?
6
What is the hundreds digit of 87094587?
5
What is the hundred millions digit of 4687796328?
6
What is the tens digit of 22951036?
3
What is the millions digit of 42692132?
2
What is the millions digit of 84746000?
4
What is the ten millions digit of 88706391?
8
What is the ten millions digit of 34824179?
3
What is the millions digit of 490375061?
0
What is the millions digit of 103527889?
3
What is the thousands digit of 35352022?
2
What is the hundred millions digit of 291107741?
2
What is the thousands digit of 532622917?
2
What is the billions digit of 3413760887?
3
What is the millions digit of 197409825?
7
What is the hundred thousands digit of 17120838?
1
What is the hundred thousands digit of 318018131?
0
What is the tens digit of 1585854262?
6
What is the thousands digit of 390849380?
9
What is the thousands digit of 4110931614?
1
What is the ten thousands digit of 944530238?
3
What is the hundred thousands digit of 4629198529?
1
What is the tens digit of 7040485?
8
What is the ten thousands digit of 685992991?
9
What is the ten thousands digit of 123979159?
7
What is the hundreds digit of 330056166?
1
What is the thousands digit of 1410217324?
7
What is the millions digit of 1659222290?
9
What is the units digit of 322668848?
8
What is the millions digit of 35093549?
5
What is the tens digit of 446308433?
3
What is the hundreds digit of 4014374625?
6
What is the tens digit of 30294715?
1
What is the tens digit of 4235099175?
7
What is the millions digit of 1031906470?
1
What is the millions digit of 332827653?
2
What is the ten thousands digit of 1447189835?
8
What is the tens digit of 265719482?
8
What is the units digit of 1161697522?
2
What is the ten thousands digit of 998227744?
2
What is the hundreds digit of 57243748?
7
What is the ten millions digit of 941096136?
4
What is the hundred millions digit of 129293623?
1
What is the thousands digit of 5706424659?
4
What is the units digit of 536356988?
8
What is the ten thousands digit of 15562232?
6
What is the tens digit of 24367563?
6
What is the millions digit of 3830831791?
0
What is the units digit of 39536985?
5
What is the hundred thousands digit of 7627422568?
4
What is the hundred thousands digit of 29945890?
9
What is the tens digit of 64468252?
5
What is the units digit of 18792421?
1
What is the units digit of 55670900?
0
What is the hundreds digit of 2648508994?
9
What is the hundreds digit of 404490196?
1
What is the ten thousands digit of 34278998?
7
What is the millions digit of 2985112921?
5
What is the hundred millions digit of 1645589331?
6
What is the billions digit of 1185040831?
1
What is the hundred millions digit of 226596246?
2
What is the hundreds digit of 781107960?
9
What is the ten thousands digit of 820910648?
1
What is the units digit of 1353950185?
5
What is the hundreds digit of 2585148345?
3
What is the units digit of 87725210?
0
What is the billions digit of 2904501879?
2
What is the thousands digit of 88650612?
0
What is the ten thousands digit of 201707632?
0
What is the units digit of 41181019?
9
What is the millions digit of 539682856?
9
What is the ten thousands digit of 6286036024?
3
What is the hundreds digit of 481148297?
2
What is the tens digit of 1601641255?
5
What is the tens digit of 12372900?
0
What is the units digit of 36641859?
9
What is the tens digit of 223560325?
2
What is the millions digit of 1689135277?
9
What is the hundreds digit of 15119302?
3
What is the millions digit of 95511984?
5
What is the tens digit of 79637338?
3
What is the ten millions digit of 28758688?
2
What is the hundred thousands digit of 24321092?
3
What is the millions digit of 998471891?
8
What is the hundred thousands digit of 113787888?
7
What is the hundred thousands digit of 505937417?
9
What is the billions digit of 2774348384?
2
What is the tens digit of 309413096?
9
What is the hundred millions digit of 617225949?
6
What is the hundred thousands digit of 43958055?
9
What is the hundred thousands digit of 3933601607?
6
What is the thousands digit of 99031253?
1
What is the units digit of 1152640160?
0
What is the ten millions digit of 1456467012?
5
What is the ten thousands digit of 1344539669?
3
What is the ten millions digit of 607039752?
0
What is the ten thousands digit of 2415423533?
2
What is the hundred thousands digit of 1468160083?
1
What is the hundred millions digit of 992188028?
9
What is the tens digit of 183285478?
7
What is the thousands digit of 161656811?
6
What is the hundred thousands digit of 11567274?
5
What is the ten thousands digit of 7801458?
0
What is the hundreds digit of 83485836?
8
What is the hundreds digit of 85796440?
4
What is the ten thousands digit of 23714024?
1
What is the ten thousands digit of 143941058?
4
What is the hundreds digit of 1878945695?
6
What is the tens digit of 1316982731?
3
What is the hundred thousands digit of 131468742?
4
What is the ten millions digit of 29835356?
2
What is the millions digit of 4292237314?
2
What is the millions digit of 89502419?
9
What is the thousands digit of 711908191?
8
What is the thousands digit of 19996950?
6
What is the thousands digit of 1434229712?
9
What is the units digit of 13918714?
4
What is the hundred thousands digit of 2425913183?
9
What is the ten thousands digit of 206853798?
5
What is the hundreds digit of 2686143356?
3
What is the hundred thousands digit of 73377636?
3
What is the thousands digit of 107908135?
8
What is the ten millions digit of 1682568793?
8
What is the tens digit of 175026711?
1
What is the units digit of 60799819?
9
What is the hundred thousands digit of 239237375?
2
What is the units digit of 61661866?
6
What is the tens digit of 31037888?
8
What is the hundred millions digit of 242746098?
2
What is the ten millions digit of 33098875?
3
What is the ten thousands digit of 3885017752?
1
What is the units digit of 520022724?
4
What is the hundred millions digit of 925978870?
9
What is the hundred millions digit of 313993419?
3
What is the billions digit of 1159651919?
1
What is the thousands digit of 4158654740?
4
What is the ten millions digit of 175346855?
7
What is the hundred thousands digit of 1490632526?
6
What is the millions digit of 87414638?
7
What is the millions digit of 2992014823?
2
What is the units digit of 166559599?
9
What is the hundred millions digit of 898981265?
8
What is the thousands digit of 10309873?
9
What is the hundreds digit of 994320774?
7
What is the hundred millions digit of 195508307?
1
What is the millions digit of 43878009?
3
What is the units digit of 13712443?
3
What is the units digit of 9550088?
8
What is the ten thousands digit of 201256530?
5
What is the hundreds digit of 47440415?
4
What is the tens digit of 904522397?
9
What is the units digit of 6155474?
4
What is the thousands digit of 39062752?
2
What is the hundred millions digit of 290993137?
2
What is the tens digit of 41587914?
1
What is the ten millions digit of 2511892467?
1
What is the hundreds digit of 24520287?
2
What is the hundreds digit of 349078217?
2
What is the units digit of 1027540749?
9
What is the millions digit of 365111287?
5
What is the hundred thousands digit of 11395485?
3
What is the ten thousands digit of 5407502292?
0
What is the ten millions digit of 22082934?
2
What is the ten thousands digit of 3760968173?
6
What is the ten millions digit of 60623637?
6
What is the ten thousands digit of 7170466?
7
What is the thousands digit of 1167687488?
7
What is the tens digit of 356011560?
6
What is the ten thousands digit of 187424801?
2
What is the tens digit of 4716287252?
5
What is the tens digit of 18222145?
4
What is the millions digit of 133410726?
3
What is the units digit of 6267471677?
7
What is the billions digit of 5925008095?
5
What is the units digit of 804852138?
8
What is the tens digit of 130916333?
3
What is the units digit of 30503238?
8
What is the millions digit of 391876087?
1
What is the ten millions digit of 5663610882?
6
What is the ten thousands digit of 1973780220?
8
What is the thousa